 -5*v - 750. Suppose v = -3*c + 582. What is the greatest common divisor of c and 9?
9
Let k be -5*(-3 - (-33)/15). Suppose -3*c = -k*i - 2*c + 281, 2 = -2*c. Let l be 6 - 7/(7/(-4)). What is the greatest common factor of l and i?
10
Let w = -252 - -272. Calculate the highest common divisor of w and 6.
2
Suppose -3*j = -p + 2*j + 30, -2*j = 3*p - 22. Let l = p + 2. Calculate the greatest common factor of 8 and l.
4
Let c(b) = b**2 + 19*b - 33. Let q be c(2). Suppose -5*z = 3*p + 46, 3*p + z + 36 = -2*z. Let g = q + p. What is the greatest common factor of g and 2?
2
Let x = 38 + 10. Suppose -13 + 4 = 9*y. Let b(o) = -6*o**3 - 3*o**2 - 2*o + 1. Let d be b(y). Calculate the greatest common divisor of d and x.
6
Suppose 2*w + 8 - 21 = -c, 3*c = -3*w + 51. Suppose -3*l + 16 = -7*l, 3*f + 3*l - c = 0. What is the greatest common factor of 44 and f?
11
Let y(u) = -2*u + 2. Let q be y(-5). Let d be (4/q)/((-4)/(-12)). Suppose i - d = 9. What is the greatest common divisor of 2 and i?
2
Suppose -42 - 8 = s. Let y be ((-140)/s)/(2/20). Let m be 110/7 - (-8)/y. Calculate the greatest common factor of 8 and m.
8
Suppose -10*m + 5*m + 25 = 0. Suppose m*r - 13 - 7 = 0. Suppose -112 = 3*v - r*v. What is the greatest common divisor of 14 and v?
14
Let i = -13 + 17. Suppose i*f + 0 = -12. Let c be (f - 1)*(-1 + -7). Calculate the greatest common factor of c and 4.
4
Suppose -2 = 7*u - 128. Let s(h) = 13*h - 1. Let x be s(7). Calculate the greatest common factor of u and x.
18
Let d be (-14)/(-84) - (-503)/6. Calculate the highest common divisor of d and 60.
12
Let n = 9 + -9. Let k be -3 + n + 0 + 84. What is the greatest common divisor of 9 and k?
9
Suppose 171 = u - 33. Let x = -141 + u. Let z = 13 + -4. What is the greatest common divisor of x and z?
9
Let d(g) = -g**3 - 10*g**2 - 31*g + 26. Let k be d(-5). Suppose 3*c - 1 = -2*o, 7*c = 3*c - 20. Calculate the highest common divisor of k and o.
8
Let p(t) = 8*t - 15. Let b be (-125)/(-20) + -3 - (-2)/(-8). Let m be p(b). What is the highest common factor of 1 and m?
1
Let l be 6 - (-7)/(7/(-4)). Suppose 187 = 5*d + y, 0 = -3*d - l*d + y + 193. Calculate the highest common factor of 19 and d.
19
Suppose g - 2 = -2*j + 9, g - 26 = -5*j. Let l be 3 + g + (3 - 0). Let x = -11 + 32. What is the greatest common divisor of x and l?
7
Suppose 76 = -5*c - 44. Let y be 4*(-2)/c*3. Suppose o = y, -4*b + 2*b + 5 = -5*o. What is the highest common divisor of 1 and b?
1
Let i = -1012 - -1612. Calculate the highest common divisor of 96 and i.
24
Let h(z) = z + 11. Let x be h(-9). Suppose 0 = 2*g - 3*t + 4*t - 35, 4*t = -x*g + 32. Calculate the highest common factor of 6 and g.
6
Let a(g) = -g**2 - 8*g - 2. Let k be a(-7). Suppose 0 = 2*c - 0*j + 5*j - 36, 3*c = k*j + 4. What is the highest common divisor of 32 and c?
8
Let i(f) = -3*f**3 - 6*f**2 + f - 3. Let g(t) = t**3 - t**2 - 1. Let c(d) = 4*g(d) - i(d). Let v be c(1). What is the highest common divisor of v and 7?
7
Suppose 196*u - 20448 = 164*u. Calculate the greatest common divisor of 142 and u.
71
Suppose -4*p + i + 384 = 4*i, 0 = 2*i. Suppose -k + p + 162 = 0. Suppose -k = -4*d + r + 8, d - 5*r = 76. Calculate the highest common divisor of 22 and d.
22
Suppose 0 = 4*n + 359 + 221. Let p be 1/(n/(-70) + -2). What is the highest common factor of 21 and p?
7
Let t be (-14 - 2910/(-45)) + 4/(-6). Calculate the highest common factor of t and 50.
50
Let k(s) = 18*s - 1. Let t be 15*(-5)/(-45) - 2/(-6). Let i be k(t). Calculate the highest common factor of i and 385.
35
Suppose -3*s - s + 36 = 0. Suppose 2*g - 2 - 8 = 0. Suppose 5*a + j - 393 = 4*j, -61 = -a + g*j. What is the highest common divisor of s and a?
9
Let j = 169 + -149. Calculate the greatest common divisor of j and 340.
20
Let f(l) = l. Let w be f(20). Suppose -b + 54 = -c, c + 0*c + 162 = 3*b. Let i be 282/b - 2/9. What is the greatest common factor of w and i?
5
Let z = 0 - -14. Suppose 3*p + 11 = -q - 2, -2*q - z = 2*p. Let u be (-46)/(-4) + (-2)/q. What is the greatest common factor of u and 96?
12
Suppose -2*v - 4 + 12 = 0. Suppose -v*o + 12 = -40. Suppose 2 = n - o. Calculate the highest common factor of 5 and n.
5
Suppose -4 = q + q. Let s be 2/(-1)*q - -48. Let f = 235 + -157. What is the highest common divisor of s and f?
26
Let u = -105 + 189. Calculate the greatest common factor of u and 21.
21
Let s be (-11 - -7)*(-33)/6. Let n(a) = -a**3 + 5*a**2 + 5*a + 4. Let d be n(6). Let z be ((-1)/d)/(6/24). What is the greatest common divisor of s and z?
2
Suppose -17*m + 1014 + 74 = 0. Calculate the greatest common divisor of m and 576.
64
Suppose -p - 123 = -459. Calculate the highest common divisor of 21 and p.
21
Suppose -525 = -20*s - 65. Calculate the highest common divisor of 207 and s.
23
Suppose 2*i - i = 84. Calculate the greatest common factor of i and 24.
12
Let b be 90/3 - (0/(-2) + 5). What is the highest common divisor of 30 and b?
5
Let g = -6 + 18. Let d be 50/(-6)*360/(-100). What is the greatest common divisor of g and d?
6
Let q = -612 - -1535. What is the highest common factor of q and 26?
13
Suppose -10*r = -13 - 7. Let k(q) = 6*q**2 - 2*q. Let v be k(r). What is the greatest common divisor of 5 and v?
5
Let l = -15 + 18. Suppose l*p - 150 = 102. Calculate the greatest common divisor of p and 14.
14
Suppose 18 = 5*y - 17. Let r be 6/(-3) - (-79)/1. Calculate the greatest common factor of y and r.
7
Let h = 3 - 2. Let b(d) = -8*d + 1. Let g be b(-1). Calculate the greatest common divisor of h and g.
1
Let h(i) = i**3 + 13*i**2 - 47*i - 20. Let p be h(-14). Calculate the highest common divisor of p and 26.
26
Suppose -19*p + 19 = -18*p. What is the greatest common divisor of 304 and p?
19
Let b be 31*5 - (-2 + 2). Let z(s) = -s**3 - 19*s**2 + 2*s - 36. Let j be z(-19). Let x = j + b. Calculate the highest common factor of 9 and x.
9
Let p(a) = 3*a**2 + 34*a - 207. Let h be p(6). What is the greatest common divisor of h and 280?
35
Let c be (-1 + 37)/((-3)/(-2)). Let m be (1 + -2)/(2/40). Let a be 84/10 - (-8)/m. What is the highest common factor of a and c?
8
Suppose -3*v + 195 = 2*v. Suppose 0*g = -g + 3. Suppose 62 = g*q - 16. Calculate the highest common divisor of q and v.
13
Suppose -17*b = -19*b + 5*v + 174, -326 = -4*b - v. Calculate the highest common divisor of 2 and b.
2
Let b(s) = -s**3 + 29*s**2 - 3*s + 98. Let o be b(29). Calculate the highest common divisor of o and 209.
11
Let d(u) = u**3 + 6*u**2 - 3*u - 8. Let b be d(-3). Calculate the greatest common factor of b and 238.
14
Let j(c) = -6*c - 64. Let v be j(-11). What is the highest common factor of v and 10?
2
Suppose 3*g - 504 = -0*g. Suppose 25 = 3*w + 5*d - 37, -4*w = -4*d - 104. What is the highest common divisor of w and g?
24
Suppose -22*c = -243 - 153. What is the highest common factor of c and 117?
9
Let w be (146/56 + 43/301)*248. What is the highest common divisor of w and 434?
62
Let w = -11 + 15. Suppose -3*r + w*t = -2, 6*t + 4 = 4*r + t. Calculate the highest common divisor of 18 and r.
6
Let r be (-1 + (44/12 - 2))*9. Suppose 10 + 0 = 5*v. Suppose m - 12 = -v*m. Calculate the greatest common divisor of r and m.
2
Let f = -59 + 93. Suppose -n - b + 57 = -151, 5*n = b + 1016. Let o be (n/(-30))/((-4)/10). What is the highest common factor of f and o?
17
Let w be (-1170)/27*(-216)/16. Calculate the highest common divisor of w and 65.
65
Suppose -5*h + 29 - 4 = 0. Suppose -6*a + 12 + 18 = 0. Suppose 0 = -a*w - 5*t + 100, 12 = 4*w - h*t - 104. Calculate the greatest common factor of 16 and w.
8
Let y be (2 + -1)*2 + 765. What is the greatest common divisor of 26 and y?
13
Let q(z) = -1 + 9 - 19 + 13*z - z**2 - 15. Let v be q(6). What is the greatest common divisor of 112 and v?
16
Let j = 157 + -145. Calculate the greatest common factor of j and 132.
12
Let x(i) = 3*i**2 + 29*i - 178. Let l be x(5). Suppose 5*o - 25 = 0, 0*v + o = -v + 11. What is the greatest common factor of l and v?
6
Suppose -19*a + 296 = -15*a. Let z = -44 + a. Let i = 30 + z. What is the highest common divisor of 15 and i?
15
Let i(k) = 3*k**2 + 6*k - 27. Let q be i(5). Calculate the highest common divisor of q and 546.
78
Let r(o) = -6 - 7*o + 25*o + 5*o**2 + 0. Suppose y + i - 13 = -i, -i = -4. Let c be r(y). What is the grea